me?
True
Let w be (-1)/(12/(-237)) + 18/(-24). Let s(d) = 1073*d + 120. Is s(w) a prime number?
True
Let t be 7/(-2)*60*-104. Suppose -8*z = -t + 736. Is z composite?
True
Let t(n) = n**3 + 3*n**2 + 7*n + 16. Let b be t(-7). Let d = b - -2026. Suppose -w - r + d = 3*r, 3599 = 2*w + 3*r. Is w a prime number?
True
Suppose -208*v - 94*v = -64404218. Is v a composite number?
True
Let t(p) = 113*p**2 - 17*p. Let j be t(-7). Suppose j = -9*v + 25483. Is v a composite number?
False
Let s = 136 + -116. Suppose 4*r + 0*r = s. Suppose 5*j - r*i - 475 = 0, -91 = -j - i + 4*i. Is j prime?
True
Let h be ((-1)/((-10)/(-8)))/(16/40). Let i be ((-36)/6 - -6)*1/h. Suppose -6*b = -i*b - 4236. Is b a composite number?
True
Suppose 4*h - 122 = 5*z + 18, 76 = -3*z + 4*h. Let x be z/(-4)*((-5)/4 - -2). Is 5/45*4597 + x/27 composite?
True
Suppose 1586*r = 1590*r - 292724. Is r prime?
True
Suppose -52*r + 53*r = -2*y + 61227, -y - 306091 = -5*r. Is r a composite number?
True
Let n be (-34)/(-8) + ((-30)/(-8) - 3). Suppose -2*c - 19465 = -4*t - 49259, 59597 = 4*c - n*t. Is c a prime number?
False
Let x(h) = 1204*h**2 + 46*h + 999. Is x(-26) a composite number?
False
Let n(v) = -v**3 + 5*v**2 + 15*v - 3. Let c be n(7). Suppose 0*l - l = -d + 5, 19 = c*d - 3*l. Suppose 2*u - d*u + 1771 = -p, -p = 5*u - 4438. Is u composite?
False
Let m(d) = -d**3 - 2*d**2 + 21*d + 41. Is m(-9) prime?
True
Suppose 5*z = -w + 189142, 274*w + 378266 = 276*w + 4*z. Is w a composite number?
False
Suppose 19*x + 30399304 = 123*x. Is x prime?
True
Suppose -743*s + 733*s + 269770 = 0. Is s a composite number?
True
Let j = -289 + 14788. Suppose 7*f - 16007 = j. Suppose 8*p - f = 2538. Is p prime?
False
Suppose -3*m - 3934 = p, -7*m + 10*m = -4*p - 3919. Let y = 2058 + m. Is y a composite number?
True
Let c(f) be the third derivative of -f**5/60 + 13*f**4/24 + 19*f**3/6 - 2*f**2 - 24. Let b be 4/(-2) - (-9)/((-36)/(-56)). Is c(b) prime?
True
Let l = 109 - 121. Let h be 6*((-92)/l + -4). Let g(y) = -y + 61. Is g(h) composite?
True
Let a = -9 - 38. Let k = a + 52. Is ((-59730)/k + 4)/(-2) composite?
True
Suppose 11542 = 5*j - 3058. Suppose -2*f + j = -7*f. Let z = f + 1365. Is z a composite number?
True
Suppose 0 = 3*k + 4*a + a + 3, -k + 1 = a. Suppose 5*m = k*u + m - 12460, 3095 = u - 5*m. Let q = -1777 + u. Is q prime?
False
Suppose -5923 = -2*t - y, 3*y = 6*t - 2*t - 11851. Let a = -809 + t. Is a a composite number?
False
Let w = 7454 - -3110. Suppose -4*q = 4*s - w, -3*s = -3*q + 2359 + 5564. Is q composite?
True
Let g(a) = -1169*a + 34. Let x be g(-3). Let h = -306 + x. Is h prime?
False
Let u be (-4)/3 + (-63520)/24. Let v = 1011 - u. Is v a prime number?
True
Let o(t) = 3001*t**2 - 2*t + 30. Is o(-7) prime?
False
Let c(s) = -469*s - 62. Suppose 0 = 20*d - 18*d + 74. Is c(d) a prime number?
True
Suppose 0 = -10*d + 23*d - 65. Suppose -d*o = 8*o - 111761. Is o composite?
False
Let w = -39277 - -244668. Is w composite?
False
Suppose -2*k = -0*k + 4*k. Suppose k = 4*f + f + f. Suppose f = -m + 501 + 560. Is m a composite number?
False
Let k(h) = -280*h**2 - 6*h + 3. Let v be k(2). Let n = v - -4562. Is n a composite number?
False
Is (11 + -81055)/((-8)/2) prime?
True
Let k be (2 + (-20)/8)/((-3)/12). Suppose 2*p = k*n + 976, -5*p + 2*n = -4*p - 493. Suppose p = 4*y + 11. Is y a composite number?
True
Let z(p) = 2*p + 26. Let l be z(-12). Let u(m) = m**3 - m**2 - m. Let n be u(l). Suppose -n*q + 62 = -76. Is q a composite number?
True
Suppose -6*z - 2*v = -3*z + 103823, -2*z = 3*v + 69222. Let r be z/(-30) - 2/(-4). Is 1 + r + (-2 - 2) a composite number?
False
Suppose -3*t - 2*t - 4*u = 8, u - 23 = 5*t. Is 33608/(-6)*3/t a prime number?
True
Suppose -4*c = 16, 55944 = 3*w + 5*c - 82435. Is w a prime number?
True
Let b be -22264 + 0/((-15)/(-5)). Let h be 12/(-42) - b/14. Suppose -3*y + 5673 = h. Is y a prime number?
True
Suppose -2*r - 2*g + 942 + 2374 = 0, 5*r - 8289 = -4*g. Is r prime?
True
Suppose -s = 7*t - 2*t - 5622, 5*s = -4*t + 4485. Let q be (-128)/(-6)*10011/284. Let n = t - q. Is n prime?
True
Let v(u) = -1325*u + 25. Let q be v(35). Is q/(-125) + 1/5 composite?
True
Let j(p) = p**3 - 3*p**2 - p + 1. Let l be j(2). Let a(w) be the second derivative of -w**5 - 2*w**3/3 + w**2/2 + 85*w. Is a(l) composite?
False
Suppose 4*a = 2*l + 248003 - 74477, -a + 43384 = -l. Is a prime?
False
Let y(x) = -x**3 + 7*x**2 + 35*x + 1309. Is y(-40) prime?
True
Let b be 1 - ((-5)/(-10)*-10 - -3). Let d = 262 + -1087. Is (6 - d)/(4 - b) a composite number?
True
Let b be (-1249)/7*4 - 6/21. Let x = 1548 + b. Suppose -3*p + 349 = -2*r - x, 0 = -5*p + 4*r + 1969. Is p a composite number?
False
Let m = 56 + -50. Suppose 23747 = m*i - 1375. Is i a composite number?
True
Suppose -330212 = -17*p - 5529. Is p a prime number?
False
Let w = 23 + -27. Is 1069 - 84/(-14)*w/(-6) composite?
True
Suppose 6*u - 4*u - 2624 = 0. Suppose 2*v - 4*i - 1346 = 0, 4*v - 1828 = -2*i + 824. Let c = u - v. Is c a prime number?
True
Suppose 0 = 3*t + 4*a - 11559, 5*t = -5*a + 11519 + 7751. Let i(m) = 27*m**3 - 5*m**2 - 7*m + 6. Let g be i(6). Let p = g - t. Is p a prime number?
True
Suppose -17*t - 81009 = -333476. Is t composite?
False
Suppose 8*r - 1644708 = -267519 + 520387. Is r a prime number?
False
Let b(l) = 33*l**2 - 71*l - 418. Is b(51) a prime number?
False
Let q(i) = i**3 - 6*i**2 + 10*i - 2. Let u be q(4). Let n be ((-1)/3)/((-2)/u). Is -219*(-2 + n) - -4 a prime number?
True
Let t = 5125 + -3453. Suppose 32 = 2*c - 644. Suppose c = m - f, 3*m = -2*m - f + t. Is m a prime number?
False
Let o(a) = -11*a**2 + 27*a - 89. Let v(y) = -7*y**2 + 18*y - 59. Let p(s) = -5*o(s) + 8*v(s). Let i be p(4). Is 3/(9/696) - (i - -6) prime?
True
Let m = 84 - 74. Suppose -m*p = -p - 3996. Let a = 707 - p. Is a prime?
True
Suppose 18*y - 17*y + 3*s = 428000, -3*s - 2139910 = -5*y. Is y a composite number?
True
Let v = 79812 - 46285. Is v a prime number?
False
Let a be 6/3 - (2 - 1)*-22738. Suppose -3*u + 2*u = 3*w - 7588, -w + a = 3*u. Is -5 - u/(-5) - 1/(-5) a prime number?
True
Suppose 5 = 15*j - 70. Suppose -3033 = -r + 3*q, -j*r - q = q - 15131. Is r prime?
False
Suppose 254*z - 154648655 = -31139377. Is z a prime number?
False
Let w(r) be the third derivative of 49*r**4/24 - 158*r**3/3 + 239*r**2. Is w(11) composite?
False
Suppose 4*t + d - 6 = 0, -3 = -5*t + 2*d - d. Let l be (3 - (0 + (-46)/t)) + -3. Suppose -10*v + 5676 - l = 0. Is v a prime number?
True
Is 223239 + 2 + -5 + (7 - 2) composite?
False
Let w = 255086 + -167095. Is w a prime number?
True
Is 13944 - (-9)/((-126)/70) prime?
False
Suppose 17*i = 300800 + 92984 + 143161. Is i prime?
False
Let l = -9 + 7. Let j(w) = -29*w**3 - 2*w - 3. Let t be j(l). Suppose -792 = -5*y + t. Is y prime?
False
Let n be -1198*(156/30)/(4/(-5)). Let s = 12996 - n. Is s prime?
True
Suppose -4*v - 14 = 5*x - 51, 0 = -2*v - 2*x + 16. Suppose -v*m + 5001 = -28710. Is m a composite number?
True
Suppose -40*q + 45*q = 996720. Suppose q = 33*a + 2367. Is a prime?
False
Let o = 1269 + -4267. Is o*((-3)/6 + (0 - 0)) a composite number?
False
Suppose -3*v + u = -0*v - 26, -5*u - 10 = 0. Let x(p) = -429 + 6*p**2 + 428 + 12*p**2. Is x(v) a composite number?
False
Let w = -385 - -738. Let c = -104 + w. Is c prime?
False
Suppose 4*p = 5*p - l - 1, 0 = 3*p - 4*l - 2. Is p*-2 + ((-5864)/(-4) - -3) a composite number?
True
Suppose 5*g - 98808 = 4*w + 22123, 3*g = -4*w - 120939. Is -1 + w/(-21) + (-8)/(-28) a composite number?
False
Let d(s) = -s**3 - 24*s**2 + 12*s + 18. Let u be d(-22). Let k = u - -1755. Is k prime?
True
Let j(f) = -2*f + 20. Let c be j(-8). Is (-26632)/(-6)*54/c composite?
True
Let j be 24/36 + (-82)/(-3). Let q = -28 + j. Suppose 0*v - 4*v + 1004 = q. Is v a prime number?
True
Let w be (-2)/3 - 2/(-3). Suppose 4*u + 5*u - 63 = w. Suppose -u*v + 10*v = 822. Is v composite?
True
Let c(i) = 2969*i + 333. Is c(32) composite?
True
Let b = -13 + 25. Suppose 0 = -74*r + 67*r + 42924. Is r/16 + (-15)/b composite?
True
Let j = -551 - -585. Suppose j*x = 27*x + 44723. Is x composite?
False
Suppose -3*d + 156725 + 489625 = 3*o, 861765 = 4*o - d. Is o composite?
False
Let c(m) = -97*m**2 - 2*m - 1. Let w be c(-1). Suppose 3*s + 1293 = 4*r, s + 44*r = 45*r - 431. Let l = w - s. Is l a prime number?